9?
-43
In base 16, what is -ae + -e?
-bc
In base 9, what is -1021 - 4?
-1025
In base 8, what is 3 + 43?
46
In base 3, what is -11 - -2000221?
2000210
In base 10, what is 11 - 59?
-48
In base 9, what is 3 + 21?
24
In base 2, what is 1001111 - 101?
1001010
In base 14, what is -300 + 0?
-300
In base 11, what is -1330 - -1?
-132a
In base 9, what is -30480 + 4?
-30475
In base 8, what is -303 + 17?
-264
In base 5, what is -1 - -13?
12
In base 9, what is 4 - -4172?
4176
In base 2, what is -101001111 + -101101?
-101111100
In base 14, what is 31 - -1?
32
In base 8, what is -15 + 421?
404
In base 16, what is 0 + e3?
e3
In base 2, what is 10000 + 10100?
100100
In base 8, what is 5 + -5240?
-5233
In base 4, what is -10 - -101?
31
In base 5, what is 3 - 3212?
-3204
In base 2, what is -1001111110 + 101?
-1001111001
In base 6, what is 41550 + -1?
41545
In base 16, what is 3 - 2fc?
-2f9
In base 16, what is ea - 1?
e9
In base 11, what is -10 + 16?
6
In base 15, what is 0 - eb?
-eb
In base 10, what is 32 + -4?
28
In base 9, what is 883 + 1?
884
In base 16, what is -3 - 15?
-18
In base 13, what is 1320 - 2?
131b
In base 3, what is 21202 - 20?
21112
In base 2, what is 1010 + 1100110?
1110000
In base 3, what is 1111200 - -1?
1111201
In base 7, what is 2 - -320?
322
In base 3, what is -10112 - -100?
-10012
In base 14, what is 0 + 51?
51
In base 15, what is 2 - 78?
-76
In base 4, what is -102 + -12131?
-12233
In base 9, what is 442 + -5?
436
In base 11, what is 50 - 0?
50
In base 4, what is 10 + 3320?
3330
In base 10, what is 2559 - -2?
2561
In base 16, what is -8fd - -2?
-8fb
In base 10, what is -492 + -2?
-494
In base 9, what is 11 - -62?
73
In base 8, what is -5 - -261?
254
In base 10, what is 3 - -116?
119
In base 6, what is 5 + 4215?
4224
In base 2, what is -1001100010 + 0?
-1001100010
In base 16, what is 0 - -2fb?
2fb
In base 8, what is -1 - -302?
301
In base 6, what is 5124 - 4?
5120
In base 9, what is 3 - -16?
20
In base 2, what is 1111111 + -101?
1111010
In base 9, what is -585 + 18?
-566
In base 7, what is 14252 - 3?
14246
In base 6, what is -121 + -4?
-125
In base 6, what is 0 - 1003?
-1003
In base 12, what is 9 + 19b?
1a8
In base 13, what is 9a + 0?
9a
In base 16, what is -4e + -5?
-53
In base 10, what is 138 - 2?
136
In base 11, what is 3 + 82a?
832
In base 12, what is -3 + a?
7
In base 6, what is 2043 + -33?
2010
In base 9, what is -153 + 1?
-152
In base 14, what is -c - -a?
-2
In base 4, what is 21 - -20003?
20030
In base 14, what is 15 + 6d?
84
In base 10, what is 8 + -10?
-2
In base 5, what is 332143 + -3?
332140
In base 15, what is 4 - -12c?
131
In base 13, what is 129 + -33?
c6
In base 13, what is 5 - 741?
-739
In base 7, what is -5 + 440?
432
In base 7, what is -10 - 2431?
-2441
In base 5, what is 2431 - 1?
2430
In base 10, what is -132 - 5?
-137
In base 13, what is -7 - 1c?
-26
In base 5, what is -1311 - 10?
-1321
In base 4, what is 220230 - 1?
220223
In base 14, what is -5 + -53b?
-542
In base 12, what is 8b - 4?
87
In base 6, what is 35130 - 5?
35121
In base 15, what is 29 - -6?
30
In base 9, what is -44 + 120?
65
In base 16, what is e5 + 0?
e5
In base 15, what is 137 - -2?
139
In base 16, what is f - ee?
-df
In base 15, what is -7c + -16?
-93
In base 3, what is 1 - -222202?
222210
In base 13, what is 1c + -19?
3
In base 14, what is -126c + 3?
-1269
In base 7, what is -11104 - -6?
-11065
In base 12, what is 3 + 2a?
31
In base 14, what is 4d6 + 4?
4da
In base 4, what is 102 - 10023?
-3321
In base 2, what is -11010001111 - 11?
-11010010010
In base 6, what is 4 - -23140?
23144
In base 8, what is 6344 + -1?
6343
In base 8, what is -15 + 3?
-12
In base 11, what is -17 + -14?
-30
In base 10, what is 5 + 46?
51
In base 5, what is -1 - -411?
410
In base 9, what is 0 - 185?
-185
In base 11, what is 11a22 + -5?
11a18
In base 2, what is -111001111 - 11011?
-111101010
In base 15, what is -156 + 18?
-13d
In base 9, what is 22 - 15?
6
In base 2, what is -100101 - -101?
-100000
In base 13, what is 9c + -85?
17
In base 12, what is -14 - -22?
a
In base 10, what is -7 + 147?
140
In base 10, what is 7 + 21?
28
In base 15, what is 3b + 2?
3d
In base 9, what is 3 + 3001?
3004
In base 16, what is -3c5 + 1?
-3c4
In base 13, what is -1a5 + -1?
-1a6
In base 10, what is 5 + 1256?
1261
In base 3, what is -101120 - 2?
-101122
In base 7, what is -2455 - -4?
-2451
In base 16, what is -be1 + -1?
-be2
In base 10, what is -5 - -164?
159
In base 2, what is 1 - -10011110?
10011111
In base 2, what is -101010111 + 11101?
-100111010
In base 13, what is 6c - b?
61
In base 10, what is -662 - 4?
-666
In base 6, what is 4 + 4?
12
In base 8, what is -1471 + 5?
-1464
In base 2, what is 10101000010 + -101?
10100111101
In base 11, what is 25 - -a?
34
In base 9, what is 480 + -2?
477
In base 16, what is 3 - -287?
28a
In base 12, what is -32 + 24?
-a
In base 9, what is 357 + -22?
335
In base 15, what is 34 + -33?
1
In base 11, what is -4 + 169?
165
In base 12, what is 3 + b82?
b85
In base 10, what is 3 + -18?
-15
In base 4, what is 3 - 12?
-3
In base 12, what is -913 - 2?
-915
In base 2, what is -1110110 - 10?
-1111000
In base 9, what is 13 - -354?
367
In base 3, what is -1 - -1202?
1201
In base 5, what is -11 - 31?
-42
In base 4, what is -3 - 1112?
-1121
In base 4, what is 2 + -20323?
-20321
In base 5, what is 3312 + -2?
3310
In base 15, what is 4 - 3c?
-38
In base 8, what is -3 - 0?
-3
In base 9, what is 15 - 61?
-45
In base 15, what is -2ac + -b?
-2b8
In base 4, what is -200 + -33?
-233
In base 16, what is 4 + -36?
-32
In base 11, what is -46 + 5?
-41
In base 2, what is 1000 + -10111?
-1111
In base 6, what is 30 + -3154?
-3124
In base 6, what is 5332 + 0?
5332
In base 7, what is -223 + 0?
-223
In base 3, what is -1201 - 10020?
-11221
In base 12, what is -3 + 155?
152
In base 6, what is 10 - -1145?
1155
In base 5, what is 430 + 20?
1000
In base 16, what is 18 + 2?
1a
In base 3, what is 12 - 0?
12
In base 12, what is -4 - -78a?
786
In base 11, what is 18 - 33?
-16
In base 7, what is -4040 - -4?
-4033
In base 2, what is 1010 + 100111?
110001
In base 12, what is -146 - 5?
-14b
In base 8, what is 3 - 125?
-122
In base 13, what is -4 - -3c95?
3c91
In base 6, what is -5330 - -4?
-5322
In base 16, what is 5 + -1d?
-18
In base 9, what is 174 + -5?
168
In base 10, what is -4 - 46?
-50
In base 11, what is 0 + 367?
367
In base 2, what is 11010110001 - -10?
11010110011
In base 12, what is -6372 + 4?
-636a
In base 3, what is -1020 + 1101?
11
In base 9, what is 406 + 3?
410
In base 4, what is 0 + 1?
1
In base 8, what is -373 + 1?
-372
In base 6, what is 4 + -1512?
-1504
In base 7, what is 1224 + -4?
1220
In base 14, what is 2 - 8cc?
-8ca
In base 8, what is -75 + -222?
-317
In base 10, what is 6 - -6?
12
In base 2, what is 111011111 + 11?
111100010
In base 5, what is 0 + -10012?
-10012
In base 4, what is -231 + 11210?
10313
In base 2, what is 110001100 + 100?
110010000
In base 12, what is -16 - -457?
441
In base 7, what is -2 - 155?
-160
In base 4, what is 113 + 13122?
13301
In base 10, what is -201 + 21?
-180
In base 13, what is 3ba - -2?
3bc
In base 15, what is -7 - -ae?
a7
In base 8, what is -165 + -16?
-203
In base 16, what is -16 - -d7?
c1
In base 11, what is 590 + -3?
588
In base 6, what is 25 + 553?
1022
In base 16, what is -1 + f8?
f7
In base 16, what is -70 + 27?
-49
In base 13, what is -6 - -367?
361
In base 6, what is 2 + -323?
-321
In base 3, what is 211 + -101010?
-100022
In base 14, what is 1 + -8c?
-8b
In base 7, what is -5 - -316?
311
In base 9, what is -1 - 154?
-155
In base 8, what is 2 - -23?
25
In base 4, what is -12 + 113?
101
In base 16, what is 5 - -2a1?
2a6
In base 7, what is -4636 - 2?
-4641
In base 7, what is 2 - -125?
130
In base 8, what is -74 - -1?
-73
In base 7, what is -221 + -2?
-223
In base 3, what is 1201 - 10?
1121
In base 16, what is -273 + 3?
-270
In base 3, what is 11 - 1221021?
-1221010
In base 3, what is 0 + 1122?
1122
In base 10, what is 2 - -115?
117
In base 11, what is 0 - 19aa?
-19aa
In base 3, what is -10 - -120000?
112220
In base 8, what is 61 - -4?
65
In base 15, what is -4 + d8?
d4
In base 10, what is 2 - 81?
-79
In base 12, what is 8 - 0?
8
In base 5, what is -102 + -1041?
-1143
In base 11, what is -35a5 + 4?
-35a1
In base 6, what is 2 - -31112?
3111